l) = -57767*l + 519537. Determine v(9).
-366
Let b(y) = 647831*y + 32391555. Calculate b(-50).
5
Let j(q) = 2624*q - 10640. Determine j(4).
-144
Let i(j) = -1234*j + 154518. What is i(125)?
268
Let d(r) = 16307*r + 47782. Determine d(-3).
-1139
Let y(k) = -36*k**2 - 459*k - 144. Give y(-5).
1251
Let s(p) = p**3 + 37*p**2 - 61*p - 911. What is s(-36)?
2581
Let h(b) = 23015*b + 230163. What is h(-10)?
13
Let p(u) = 3024*u + 27601. Determine p(-9).
385
Let m(c) = 2*c**3 + 62*c**2 - 540*c - 16738. Determine m(-31).
2
Let o(s) = -2175*s - 628584. Give o(-289).
-9
Let b(p) = -p**3 + 6085*p + 72. Give b(-78).
-6
Let v(m) = -1980*m + 51554. Calculate v(26).
74
Let r(u) = -43*u**2 + 1826*u + 921. Determine r(43).
-68
Let p(j) = 4*j**3 + 168*j**2 + 1823*j + 76570. Calculate p(-42).
4
Let r(w) = -3*w**2 - 946*w + 45038. Determine r(42).
14
Let t(z) = 104*z**2 - 269*z - 624. Calculate t(4).
-36
Let o(s) = -s**3 - 27*s**2 + 45*s + 1313. Calculate o(-25).
-1062
Let h(w) = -32*w**2 - 62603*w - 146551. Give h(-1954).
-1
Let k(v) = -2*v**3 + 202*v**2 + 430*v - 1880. What is k(103)?
-26
Let f(p) = -p**3 - 10*p**2 - 11738*p - 141167. What is f(-12)?
-23
Let a(t) = 68*t**2 - 129*t. What is a(1)?
-61
Let x(i) = 3*i**2 + 291*i + 3905. Determine x(-14).
419
Let z(y) = 2299*y + 112972. What is z(-49)?
321
Let v(l) = -l**3 - 1199*l**2 + 685*l - 617999. Give v(-1200).
1
Let k(a) = -45947*a + 5008208. Determine k(109).
-15
Let r(s) = -2*s**2 - 26*s - 96. What is r(-26)?
-772
Let a(m) = -9*m**3 - 114*m**2 + 303*m - 71. What is a(2)?
7
Let u(n) = -24*n**2 + 1867*n + 102. Determine u(78).
-288
Let y(i) = 4081*i - 36730. What is y(9)?
-1
Let t(i) = -402*i + 29858. Calculate t(75).
-292
Let y(g) = -647*g - 11912. Give y(-17).
-913
Let p(t) = 2*t**3 + 92*t**2 + 260*t + 250. Determine p(-43).
164
Let z(w) = -w**3 + 1322*w**2 - 991*w - 435947. What is z(1321)?
-17
Let c(n) = -4077*n + 40518. What is c(10)?
-252
Let h(o) = 13*o**2 - 1098*o - 573. Calculate h(85).
22
Let t(h) = 141*h**3 - 3*h**2 - 104*h - 105. Calculate t(-1).
-145
Let y(p) = -p**3 - 377*p**2 + 3078*p - 782. What is y(-385)?
-12
Let u(h) = 15535*h - 1149572. What is u(74)?
18
Let j(t) = 435*t - 94272. Give j(217).
123
Let i(r) = -3478*r - 514755. Determine i(-148).
-11
Let o(z) = 245*z + 51208. Determine o(-205).
983
Let v(p) = p**3 - 376*p**2 - 589*p + 221465. Give v(376).
1
Let m(h) = h**3 - 18*h**2 + 610*h - 10738. Calculate m(18).
242
Let q(i) = 20693*i**2 - 103463*i - 3. What is q(5)?
7
Let q(a) = 1701*a + 73216. What is q(-43)?
73
Let h(x) = -x**3 + 1396*x**2 - 26137*x - 495. What is h(19)?
-1
Let s(n) = -n**3 + 102*n**2 + 89*n - 38563. Calculate s(99).
-349
Let r(k) = 4323*k - 138180. Give r(32).
156
Let u(j) = -194303*j + 582882. Give u(3).
-27
Let l(v) = 2*v**2 - 1154*v - 187192. Calculate l(709).
-16
Let z(w) = 2*w**3 - 517*w**2 - 12042*w + 539. Give z(280).
-21
Let m(s) = 129*s**2 - 2194*s + 4. What is m(17)?
-13
Let v(u) = -u**3 - 342*u**2 + 1307*u + 93813. Give v(-345).
-27
Let l(b) = b**3 - 120*b**2 + 958*b - 1431. Give l(2).
13
Let p(j) = -j**3 - 567*j**2 + 2204*j - 45610. Give p(-571).
70
Let l(q) = q**3 + 26*q**2 - 78*q - 250. Give l(-2).
2
Let f(j) = -124*j**3 + 4*j**2 - 149*j - 151. What is f(-1)?
126
Let r(m) = -16*m**3 + 1023*m**2 + 98*m - 2161. Calculate r(64).
15
Let a(q) = -186*q**3 - 17*q**2 + 23*q - 7. Calculate a(1).
-187
Let x(s) = -762*s**3 + 10669*s**2 - 20*s + 91. Determine x(14).
7
Let y(x) = -x**3 - 179*x**2 + 101*x - 14290. Determine y(-180).
-70
Let t(l) = -l**3 + 54*l**2 - 881*l + 19435. Calculate t(44).
31
Let r(a) = 487*a + 17688. Determine r(-35).
643
Let t(f) = -8*f**2 + 6707*f - 196314. Give t(808).
30
Let u(r) = r**3 - 5*r**2 + 124*r - 504. What is u(4)?
-24
Let n(r) = 40*r + 941. Determine n(-21).
101
Let c(m) = 22099*m + 243367. Calculate c(-11).
278
Let f(u) = -10*u**2 - 663*u - 537. Calculate f(-65).
308
Let s(d) = 5*d**3 - 108*d**2 + 52*d - 37. Give s(21).
-268
Let a(f) = f**3 + 65*f**2 + 376*f - 1639. What is a(-58)?
101
Let m(r) = r**2 - 1780*r + 57668. Determine m(33).
17
Let v(w) = -8*w**2 + 14737*w + 44273. What is v(-3)?
-10
Let m(x) = 2500*x - 14825. Calculate m(6).
175
Let c(l) = -l**3 - 117*l**2 + 14109*l + 1854. Calculate c(74).
4
Let g(n) = -457*n - 25596. What is g(-55)?
-461
Let d(u) = -2*u**3 + 487*u**2 + 808*u - 17878. What is d(245)?
7
Let k(b) = -24785*b - 4610014. Calculate k(-186).
-4
Let n(f) = -15*f**2 + 274*f + 1190. What is n(-4)?
-146
Let m(x) = 618*x + 2279. What is m(-2)?
1043
Let k(x) = -9*x**3 - 378*x**2 + 1588*x + 1. What is k(4)?
-271
Let w(o) = o**3 + 58*o**2 - 818*o - 38517. What is w(-61)?
218
Let z(h) = 4*h**2 - 2381*h - 14446. Give z(-6).
-16
Let r(n) = 26*n**2 - 438*n + 1531. Give r(12).
19
Let m(u) = 100*u**2 - 5309*u - 112. Calculate m(53).
-589
Let k(c) = 295*c - 3625. Calculate k(13).
210
Let i(x) = -10*x**3 + 265*x**2 - 104*x - 249. What is i(26)?
427
Let u(v) = -4503*v + 18056. Determine u(4).
44
Let p(u) = 4*u**2 - 401*u - 9605. Determine p(-20).
15
Let r(n) = 9*n**2 - 2794*n - 22398. Give r(-8).
530
Let r(t) = 2*t**2 - 210*t + 339. Calculate r(110).
1439
Let t(j) = 179*j + 8959. What is t(-50)?
9
Let s(k) = -3618*k + 21470. Determine s(6).
-238
Let u(f) = 1991*f + 67673. What is u(-34)?
-21
Let x(h) = 45*h - 11573. Determine x(262).
217
Let z(s) = -s**3 - 38*s**2 - 94*s - 292. Give z(-38).
3280
Let b(c) = -c**3 + 7*c**2 + 444*c - 66. Calculate b(-21).
2958
Let j(c) = -c**2 + 3127*c + 37672. What is j(-12)?
4
Let w(h) = h**3 + 54*h**2 + 503*h - 160. Calculate w(-13).
230
Let u(j) = -1040*j**2 + 2068*j + 13. What is u(2)?
-11
Let t(k) = -348*k - 14664. Give t(-42).
-48
Let q(z) = -79349*z - 555433. Determine q(-7).
10
Let r(s) = 250*s + 41127. Calculate r(-163).
377
Let p(b) = 638*b + 768. Calculate p(-2).
-508
Let f(p) = 2036*p - 83592. Calculate f(41).
-116
Let n(z) = -3*z**3 - 5*z**2 - 1838*z - 5509. What is n(-3)?
41
Let h(x) = -20328*x - 630183. Calculate h(-31).
-15
Let i(z) = -2*z**3 - 11*z**2 + 4174*z + 33329. Calculate i(-8).
257
Let p(m) = 214346*m - 2143469. What is p(10)?
-9
Let p(u) = -5*u**2 + 584*u - 14927. Determine p(79).
4
Let r(x) = 184*x**3 - 3*x**2 + 44*x - 41. Determine r(1).
184
Let q(n) = n**3 + 122*n**2 - 1180*n - 115. Give q(-131).
16
Let w(n) = 549*n**2 + 1614*n + 1049. Give w(-2).
17
Let y(i) = -457*i - 2892. What is y(-7)?
307
Let f(v) = -5604*v + 52641. What is f(10)?
-3399
Let p(t) = 2*t**2 - 152*t + 2214. Determine p(43).
-624
Let d(j) = -756174*j + 3024730. What is d(4)?
34
Let h(n) = 24*n**2 + 48761*n - 244408. Determine h(5).
-3
Let k(i) = -580272*i - 68472094. Give k(-118).
2
Let b(k) = 1823*k - 492484. What is b(270)?
-274
Let c(f) = -f**3 + 13*f**2 + 261*f - 188. Calculate c(25).
-1163
Let c(y) = y**2 - 30*y - 261. Determine c(45).
414
Let b(m) = 17*m**2 + 624*m + 1855. Determine b(-3).
136
Let o(a) = -5145221*a + 20580885. Determine o(4).
1
Let j(w) = w**3 - 322*w**2 + 287*w + 10733. Determine j(321).
-181
Let a(l) = 32*l**2 - 2012*l - 2012. Give a(-1).
32
Let w(x) = -111*x**2 + 4033*x - 12. What is w(37)?
-2750
Let p(k) = 2061882*k + 16495062. Calculate p(-8).
6
Let k(p) = -20290*p - 2028903. Determine k(-100).
97
Let z(x) = -301*x + 9038. Give z(30).
8
Let j(r) = -r**3 - 13*r**2 - 97*r - 559. Give j(-9).
-10
Let w(s) = -637*s + 8217. Calculate w(12).
573
Let t(q) = -709936*q + 7099360. Calculate t(10).
0
Let p(z) = 1683*z + 1321. Calculate p(-1).
-362
Let o(c) = -12*c**2 + 181*c - 668. What is o(10)?
-58
Let n(h) = 551*h - 33335. Determine n(61).
276
Let t(g) = 260*g - 59884. Calculate t(225).
-1384
Let t(u) = -105958*u + 2225116. What is t(21)?
-2
Let n(v) = -1062*v - 9898. Give n(-9).
-340
Let y(k) = -547*k - 24252. What is y(-45)?
363
Let a(t) = 2220*t + 26621. Give a(-12).
-19
Let c(y) = 3*y**2 + 1068*y - 41046. What is c(-391)?
9
Let d(w) = 4*w**2 + 235*w - 1295. Give d(-64).
49
Let c(r) = 771*r + 225748. Give c(-293).
-155
Let g(u) = 2992*u - 40266. Give g(13).
-1370
Let l(n) = n**3 - 111*n**2 + 824*n - 18. Determine l(8).
-18
Let i(d) = -10152*d**2 + 30434*d + 52. What is i(3)?
-14
Let w(g) = 2*g**3 - 10*g**2 - 1679*g + 8448. Determine w(5).
53
Let l(d) = -5*d**3 - 10*d**2 + 112*d - 105. Calculate l(1).
-8
Let u(v) = 288*v + 7480. Give u(-23).
856
Let g(l) = -185*l - 37956.